{"id":2189,"date":"2025-11-14T14:53:45","date_gmt":"2025-11-14T12:53:45","guid":{"rendered":"https:\/\/casino-site-amp55.top\/?page_id=2189"},"modified":"2025-11-14T14:53:45","modified_gmt":"2025-11-14T12:53:45","slug":"haqqimizda-2","status":"publish","type":"page","link":"https:\/\/casino-site-amp55.top\/az\/haqqimizda-2\/","title":{"rendered":"Haqq\u0131m\u0131zda"},"content":{"rendered":"<h1>Haqq\u0131m\u0131zda<\/h1>\n<p class=\"p3\">Biz sad\u0259c\u0259 oyun platformas\u0131 deyilik \u2014 biz innovasiyan\u0131n, b\u00fct\u00f6vl\u00fcy\u00fcn v\u0259 h\u0259y\u0259can\u0131n birlikd\u0259 m\u00f6vcud oldu\u011fu r\u0259q\u0259msal ekosistemik. Missiyam\u0131z h\u0259r bir oyun\u00e7unun h\u00f6rm\u0259tli, qorunan v\u0259 ilhamlanm\u0131\u015f hiss etdiyi bir m\u00fchit yaratmaqd\u0131r. Oyunu yaln\u0131z \u0259yl\u0259nc\u0259li deyil, h\u0259m d\u0259 m\u0259nal\u0131 v\u0259 t\u0259hl\u00fck\u0259siz etm\u0259k \u00fc\u00e7\u00fcn texnologiya v\u0259 \u015f\u0259ffafl\u0131\u011f\u0131 birl\u0259\u015fdiririk.<\/p>\n<h3>Bizi N\u0259 T\u0259rifl\u0259yir<\/h3>\n<p class=\"p3\">Platformam\u0131z m\u00fcasir \u0259yl\u0259nc\u0259nin t\u0259klif etdiyi h\u0259r \u015feyi birl\u0259\u015fdirir: idman m\u0259rcl\u0259ri, canl\u0131 mat\u00e7lar, kazino oyunlar\u0131, slotlar, virtual idman n\u00f6vl\u0259ri v\u0259 e-idman. H\u0259r g\u00fcn \u0259dal\u0259tli \u0259msallar v\u0259 intuitiv interfeys il\u0259 minl\u0259rl\u0259 t\u0259dbir t\u0259qdim edirik. \u0130st\u0259r ilk m\u0259rcinizi ara\u015fd\u0131ran yeni ba\u015flayan, ist\u0259rs\u0259 d\u0259 t\u0259cr\u00fcb\u0259li oyun\u00e7u olun, rahat v\u0259 xo\u015f bir t\u0259cr\u00fcb\u0259 \u00fc\u00e7\u00fcn laz\u0131m olan b\u00fct\u00fcn vasit\u0259l\u0259ri tapacaqs\u0131n\u0131z.<\/p>\n<h3>Etibar v\u0259 \u015e\u0259ffafl\u0131q<\/h3>\n<p class=\"p3\">Etibar d\u00fcr\u00fcstl\u00fck say\u0259sind\u0259 qazan\u0131l\u0131r. Platformam\u0131zdak\u0131 h\u0259r bir proses a\u00e7\u0131q v\u0259 ayd\u0131nd\u0131r \u2014 \u0259m\u0259liyyatlardan oyun mexanikas\u0131na q\u0259d\u0259r. Biz yaln\u0131z lisenziyal\u0131 provayderl\u0259r v\u0259 t\u0259sdiql\u0259nmi\u015f \u00f6d\u0259ni\u015f sisteml\u0259ri il\u0259 i\u015fl\u0259yirik. Gizli \u015f\u0259rtl\u0259r v\u0259 ya yanl\u0131\u015f t\u0259klifl\u0259r yoxdur; G\u00f6rd\u00fcy\u00fcn\u00fcz \u015fey, \u0259ld\u0259 etdiyiniz \u015feydir. H\u0259r bir istifad\u0259\u00e7i \u00f6z vaxt\u0131n\u0131, t\u0259cr\u00fcb\u0259sini v\u0259 limitl\u0259rini idar\u0259 edir.<\/p>\n<h3>\u00c7eviklik v\u0259 \u018fl\u00e7atanl\u0131q<\/h3>\n<p class=\"p3\">\u0130st\u0259nil\u0259n yerd\u0259, ist\u0259nil\u0259n vaxt oynay\u0131n. Platformam\u0131z b\u00fct\u00fcn cihazlarda &#8212; smartfonlarda, plan\u015fetl\u0259rd\u0259 v\u0259 komp\u00fcterl\u0259rd\u0259 problemsiz i\u015fl\u0259yir. Android v\u0259 iOS \u00fc\u00e7\u00fcn 1xBet mobil t\u0259tbiqi sayt\u0131n b\u00fct\u00fcn funksionall\u0131\u011f\u0131n\u0131, o c\u00fcml\u0259d\u0259n ani yenil\u0259m\u0259l\u0259ri, t\u0259hl\u00fck\u0259siz \u0259m\u0259liyyatlar\u0131 v\u0259 asan m\u0259rc izl\u0259m\u0259sini \u0259ks etdirir. Biz onu sizin rahatl\u0131\u011f\u0131n\u0131z \u00fc\u00e7\u00fcn &#8212; h\u0259yat t\u0259rziniz\u0259 uy\u011fun oyunlar \u00fc\u00e7\u00fcn haz\u0131rlad\u0131q.<\/p>\n<h3>M\u0259suliyy\u0259tli Oyun<\/h3>\n<p class=\"p3\">Biz f\u0259ls\u0259f\u0259mizin t\u0259m\u0259l da\u015f\u0131 kimi m\u0259suliyy\u0259tli oyun prinsipl\u0259rini d\u0259st\u0259kl\u0259yirik. Oyun\u00e7ular limitl\u0259r m\u00fc\u0259yy\u0259n ed\u0259, vaxtlar\u0131n\u0131 izl\u0259y\u0259 v\u0259 ya laz\u0131m olduqda m\u00fcv\u0259qq\u0259ti fasil\u0259 ver\u0259 bil\u0259rl\u0259r. Biz inan\u0131r\u0131q ki, \u0259yl\u0259nc\u0259 he\u00e7 vaxt tarazl\u0131q v\u0259 rifah bahas\u0131na ba\u015fa g\u0259lm\u0259m\u0259lidir. Al\u0259tl\u0259rimiz oyun\u00e7ulara h\u0259r an\u0131n t\u0259hl\u00fck\u0259siz \u015f\u0259kild\u0259 h\u0259zz alark\u0259n n\u0259zar\u0259ti saxlama\u011fa k\u00f6m\u0259k etm\u0259k \u00fc\u00e7\u00fcn haz\u0131rlanm\u0131\u015fd\u0131r.<\/p>\n<h3>\u0130stifad\u0259\u00e7iy\u0259 y\u00f6n\u0259lmi\u015f t\u0259cr\u00fcb\u0259<\/h3>\n<p class=\"p3\">H\u0259r bir oyun\u00e7u missiyam\u0131z\u0131n m\u0259rk\u0259zind\u0259dir. Biz sad\u0259c\u0259 bir xidm\u0259t deyil, h\u0259r bir istifad\u0259\u00e7inin \u0259h\u0259miyy\u0259t k\u0259sb etdiyi bir icma qururuq. D\u0259st\u0259k qrupumuz 24\/7 m\u00f6vcuddur v\u0259 real yard\u0131m g\u00f6st\u0259rir &#8212; s\u00fcr\u0259tli, pe\u015f\u0259kar v\u0259 h\u00f6rm\u0259tli. Oyun s\u0259yah\u0259tinizin h\u0259m rahat, h\u0259m d\u0259 xo\u015f olmas\u0131n\u0131 t\u0259min etm\u0259k \u00fc\u00e7\u00fcn qulaq as\u0131r\u0131q, ba\u015fa d\u00fc\u015f\u00fcr\u00fck v\u0259 cavab veririk.<\/p>\n<h3>T\u0259hl\u00fck\u0259sizlik v\u0259 Uy\u011funluq<\/h3>\n<p class=\"p3\">M\u0259lumatlar\u0131n qorunmas\u0131 f\u0259aliyy\u0259timizin \u0259sas\u0131n\u0131 t\u0259\u015fkil edir. M\u0259lumatlar\u0131n\u0131z\u0131 qorumaq \u00fc\u00e7\u00fcn qabaqc\u0131l \u015fifr\u0259l\u0259m\u0259 texnologiyalar\u0131ndan, t\u0259hl\u00fck\u0259siz serverl\u0259rd\u0259n v\u0259 \u00e7oxm\u0259rh\u0259l\u0259li do\u011frulamadan istifad\u0259 edirik. B\u00fct\u00fcn \u015f\u0259xsi v\u0259 maliyy\u0259 \u0259m\u0259liyyatlar\u0131 beyn\u0259lxalq standartlara uy\u011fundur v\u0259 h\u0259r s\u0259viyy\u0259d\u0259 m\u0259xfilik v\u0259 etibarl\u0131l\u0131\u011f\u0131 t\u0259min edir.<\/p>\n<h3>\u0130nnovasiya v\u0259 B\u00f6y\u00fcm\u0259<\/h3>\n<p class=\"p3\">Biz daim inki\u015faf edirik. T\u0259rtibat\u00e7\u0131lar\u0131m\u0131z v\u0259 analitikl\u0259rimiz \u0259n yeni texnologiyalar\u0131n t\u0259tbiqi, interfeysin t\u0259kmill\u0259\u015fdirilm\u0259si v\u0259 oyun b\u00f6lm\u0259l\u0259rinin geni\u015fl\u0259ndirilm\u0259si \u00fc\u00e7\u00fcn \u00e7al\u0131\u015f\u0131rlar. H\u0259r yenil\u0259m\u0259 daha a\u011f\u0131ll\u0131, daha s\u00fcr\u0259tli v\u0259 daha f\u0259rdil\u0259\u015fdirilmi\u015f oyuna do\u011fru bir add\u0131md\u0131r. \u0130stifad\u0259\u00e7i r\u0259yl\u0259rin\u0259 d\u0259y\u0259r veririk &#8212; t\u0259cr\u00fcb\u0259niz ir\u0259lil\u0259yi\u015fimizi formala\u015fd\u0131r\u0131r.<\/p>\n<h3>Bonuslar v\u0259 M\u00fckafatlar<\/h3>\n<p class=\"p3\">Biz m\u00fckafatland\u0131r\u0131c\u0131 s\u0259daq\u0259t\u0259 inan\u0131r\u0131q. Bonus sistemimiz\u0259 xo\u015f g\u0259lmisiniz paketl\u0259ri, ke\u015fbek t\u0259klifl\u0259ri, pulsuz m\u0259rcl\u0259r, loyall\u0131q xallar\u0131 v\u0259 m\u00f6vs\u00fcmi promosyonlar daxildir. Bunlar yaln\u0131z reklam deyil, t\u0259cr\u00fcb\u0259nizi art\u0131rmaq v\u0259 real d\u0259y\u0259r t\u0259min etm\u0259k \u00fc\u00e7\u00fcn n\u0259z\u0259rd\u0259 tutulub.<\/p>\n<h3>Vizyonumuza Qo\u015fulun<\/h3>\n<p class=\"p3\">Biz oyunlar\u0131n azadl\u0131q, se\u00e7im v\u0259 \u00f6z\u00fcn\u0259inam dem\u0259k oldu\u011fu bir m\u0259kan yarad\u0131r\u0131q. H\u0259y\u0259canla m\u0259suliyy\u0259tin qar\u015f\u0131la\u015fd\u0131\u011f\u0131 v\u0259 h\u0259r bir oyun\u00e7unun daha b\u00f6y\u00fck bir \u015feyin bir hiss\u0259si oldu\u011funu hiss etdiyi bir m\u0259kan. \u018fg\u0259r \u0259dal\u0259t\u0259, rahatl\u0131\u011fa v\u0259 innovasiyaya d\u0259y\u0259r verirsinizs\u0259 &#8212; \u0259traf\u0131n\u0131zda qurulmu\u015f bir platformaya xo\u015f g\u0259lmisiniz.<\/p>\n","protected":false},"excerpt":{"rendered":"<p>Haqq\u0131m\u0131zda Biz sad\u0259c\u0259 oyun platformas\u0131 deyilik \u2014 biz innovasiyan\u0131n, b\u00fct\u00f6vl\u00fcy\u00fcn v\u0259 h\u0259y\u0259can\u0131n birlikd\u0259 m\u00f6vcud oldu\u011fu r\u0259q\u0259msal ekosistemik. Missiyam\u0131z h\u0259r bir oyun\u00e7unun h\u00f6rm\u0259tli, qorunan v\u0259 ilhamlanm\u0131\u015f hiss etdiyi bir m\u00fchit yaratmaqd\u0131r. Oyunu yaln\u0131z \u0259yl\u0259nc\u0259li deyil, h\u0259m d\u0259 m\u0259nal\u0131 v\u0259 t\u0259hl\u00fck\u0259siz etm\u0259k \u00fc\u00e7\u00fcn texnologiya v\u0259 \u015f\u0259ffafl\u0131\u011f\u0131 birl\u0259\u015fdiririk. Bizi N\u0259 T\u0259rifl\u0259yir Platformam\u0131z m\u00fcasir \u0259yl\u0259nc\u0259nin t\u0259klif etdiyi h\u0259r \u015feyi [&hellip;]<\/p>\n","protected":false},"author":1,"featured_media":0,"parent":0,"menu_order":0,"comment_status":"closed","ping_status":"closed","template":"","meta":{"_acf_changed":false,"footnotes":""},"class_list":["post-2189","page","type-page","status-publish","hentry"],"acf":[],"yoast_head":"<!-- This site is optimized with the Yoast SEO plugin v27.3 - https:\/\/yoast.com\/product\/yoast-seo-wordpress\/ -->\n<title>1xbet | Haqq\u0131m\u0131zda<\/title>\n<meta name=\"robots\" content=\"index, follow, max-snippet:-1, max-image-preview:large, max-video-preview:-1\" \/>\n<link rel=\"canonical\" href=\"https:\/\/casino-site-amp55.top\/az\/haqqimizda-2\/\" \/>\n<meta property=\"og:locale\" content=\"ru_RU\" \/>\n<meta property=\"og:type\" content=\"article\" \/>\n<meta property=\"og:title\" content=\"1xbet | Haqq\u0131m\u0131zda\" \/>\n<meta property=\"og:description\" content=\"Haqq\u0131m\u0131zda Biz sad\u0259c\u0259 oyun platformas\u0131 deyilik \u2014 biz innovasiyan\u0131n, b\u00fct\u00f6vl\u00fcy\u00fcn v\u0259 h\u0259y\u0259can\u0131n birlikd\u0259 m\u00f6vcud oldu\u011fu r\u0259q\u0259msal ekosistemik. Missiyam\u0131z h\u0259r bir oyun\u00e7unun h\u00f6rm\u0259tli, qorunan v\u0259 ilhamlanm\u0131\u015f hiss etdiyi bir m\u00fchit yaratmaqd\u0131r. Oyunu yaln\u0131z \u0259yl\u0259nc\u0259li deyil, h\u0259m d\u0259 m\u0259nal\u0131 v\u0259 t\u0259hl\u00fck\u0259siz etm\u0259k \u00fc\u00e7\u00fcn texnologiya v\u0259 \u015f\u0259ffafl\u0131\u011f\u0131 birl\u0259\u015fdiririk. Bizi N\u0259 T\u0259rifl\u0259yir Platformam\u0131z m\u00fcasir \u0259yl\u0259nc\u0259nin t\u0259klif etdiyi h\u0259r \u015feyi [&hellip;]\" \/>\n<meta property=\"og:url\" content=\"https:\/\/casino-site-amp55.top\/az\/haqqimizda-2\/\" \/>\n<meta property=\"og:site_name\" content=\"casino-site-amp55.top\" \/>\n<meta name=\"twitter:card\" content=\"summary_large_image\" \/>\n<meta name=\"twitter:label1\" content=\"\u041f\u0440\u0438\u043c\u0435\u0440\u043d\u043e\u0435 \u0432\u0440\u0435\u043c\u044f \u0434\u043b\u044f \u0447\u0442\u0435\u043d\u0438\u044f\" \/>\n\t<meta name=\"twitter:data1\" content=\"3 \u043c\u0438\u043d\u0443\u0442\u044b\" \/>\n<script type=\"application\/ld+json\" class=\"yoast-schema-graph\">{\"@context\":\"https:\\\/\\\/schema.org\",\"@graph\":[{\"@type\":\"WebPage\",\"@id\":\"https:\\\/\\\/casino-site-amp55.top\\\/az\\\/haqqimizda-2\\\/\",\"url\":\"https:\\\/\\\/casino-site-amp55.top\\\/az\\\/haqqimizda-2\\\/\",\"name\":\"1xbet | Haqq\u0131m\u0131zda\",\"isPartOf\":{\"@id\":\"https:\\\/\\\/casino-site-amp55.top\\\/#website\"},\"datePublished\":\"2025-11-14T12:53:45+00:00\",\"breadcrumb\":{\"@id\":\"https:\\\/\\\/casino-site-amp55.top\\\/az\\\/haqqimizda-2\\\/#breadcrumb\"},\"inLanguage\":\"ru-RU\",\"potentialAction\":[{\"@type\":\"ReadAction\",\"target\":[\"https:\\\/\\\/casino-site-amp55.top\\\/az\\\/haqqimizda-2\\\/\"]}]},{\"@type\":\"BreadcrumbList\",\"@id\":\"https:\\\/\\\/casino-site-amp55.top\\\/az\\\/haqqimizda-2\\\/#breadcrumb\",\"itemListElement\":[{\"@type\":\"ListItem\",\"position\":1,\"name\":\"\u0413\u043b\u0430\u0432\u043d\u0430\u044f \u0441\u0442\u0440\u0430\u043d\u0438\u0446\u0430\",\"item\":\"https:\\\/\\\/casino-site-amp55.top\\\/az\\\/\"},{\"@type\":\"ListItem\",\"position\":2,\"name\":\"Haqq\u0131m\u0131zda\"}]},{\"@type\":\"WebSite\",\"@id\":\"https:\\\/\\\/casino-site-amp55.top\\\/#website\",\"url\":\"https:\\\/\\\/casino-site-amp55.top\\\/\",\"name\":\"casino-site-amp55.top\",\"description\":\"\",\"potentialAction\":[{\"@type\":\"SearchAction\",\"target\":{\"@type\":\"EntryPoint\",\"urlTemplate\":\"https:\\\/\\\/casino-site-amp55.top\\\/?s={search_term_string}\"},\"query-input\":{\"@type\":\"PropertyValueSpecification\",\"valueRequired\":true,\"valueName\":\"search_term_string\"}}],\"inLanguage\":\"ru-RU\"}]}<\/script>\n<!-- \/ Yoast SEO plugin. -->","yoast_head_json":{"title":"1xbet | Haqq\u0131m\u0131zda","robots":{"index":"index","follow":"follow","max-snippet":"max-snippet:-1","max-image-preview":"max-image-preview:large","max-video-preview":"max-video-preview:-1"},"canonical":"https:\/\/casino-site-amp55.top\/az\/haqqimizda-2\/","og_locale":"ru_RU","og_type":"article","og_title":"1xbet | Haqq\u0131m\u0131zda","og_description":"Haqq\u0131m\u0131zda Biz sad\u0259c\u0259 oyun platformas\u0131 deyilik \u2014 biz innovasiyan\u0131n, b\u00fct\u00f6vl\u00fcy\u00fcn v\u0259 h\u0259y\u0259can\u0131n birlikd\u0259 m\u00f6vcud oldu\u011fu r\u0259q\u0259msal ekosistemik. Missiyam\u0131z h\u0259r bir oyun\u00e7unun h\u00f6rm\u0259tli, qorunan v\u0259 ilhamlanm\u0131\u015f hiss etdiyi bir m\u00fchit yaratmaqd\u0131r. Oyunu yaln\u0131z \u0259yl\u0259nc\u0259li deyil, h\u0259m d\u0259 m\u0259nal\u0131 v\u0259 t\u0259hl\u00fck\u0259siz etm\u0259k \u00fc\u00e7\u00fcn texnologiya v\u0259 \u015f\u0259ffafl\u0131\u011f\u0131 birl\u0259\u015fdiririk. Bizi N\u0259 T\u0259rifl\u0259yir Platformam\u0131z m\u00fcasir \u0259yl\u0259nc\u0259nin t\u0259klif etdiyi h\u0259r \u015feyi [&hellip;]","og_url":"https:\/\/casino-site-amp55.top\/az\/haqqimizda-2\/","og_site_name":"casino-site-amp55.top","twitter_card":"summary_large_image","twitter_misc":{"\u041f\u0440\u0438\u043c\u0435\u0440\u043d\u043e\u0435 \u0432\u0440\u0435\u043c\u044f \u0434\u043b\u044f \u0447\u0442\u0435\u043d\u0438\u044f":"3 \u043c\u0438\u043d\u0443\u0442\u044b"},"schema":{"@context":"https:\/\/schema.org","@graph":[{"@type":"WebPage","@id":"https:\/\/casino-site-amp55.top\/az\/haqqimizda-2\/","url":"https:\/\/casino-site-amp55.top\/az\/haqqimizda-2\/","name":"1xbet | Haqq\u0131m\u0131zda","isPartOf":{"@id":"https:\/\/casino-site-amp55.top\/#website"},"datePublished":"2025-11-14T12:53:45+00:00","breadcrumb":{"@id":"https:\/\/casino-site-amp55.top\/az\/haqqimizda-2\/#breadcrumb"},"inLanguage":"ru-RU","potentialAction":[{"@type":"ReadAction","target":["https:\/\/casino-site-amp55.top\/az\/haqqimizda-2\/"]}]},{"@type":"BreadcrumbList","@id":"https:\/\/casino-site-amp55.top\/az\/haqqimizda-2\/#breadcrumb","itemListElement":[{"@type":"ListItem","position":1,"name":"\u0413\u043b\u0430\u0432\u043d\u0430\u044f \u0441\u0442\u0440\u0430\u043d\u0438\u0446\u0430","item":"https:\/\/casino-site-amp55.top\/az\/"},{"@type":"ListItem","position":2,"name":"Haqq\u0131m\u0131zda"}]},{"@type":"WebSite","@id":"https:\/\/casino-site-amp55.top\/#website","url":"https:\/\/casino-site-amp55.top\/","name":"casino-site-amp55.top","description":"","potentialAction":[{"@type":"SearchAction","target":{"@type":"EntryPoint","urlTemplate":"https:\/\/casino-site-amp55.top\/?s={search_term_string}"},"query-input":{"@type":"PropertyValueSpecification","valueRequired":true,"valueName":"search_term_string"}}],"inLanguage":"ru-RU"}]}},"amp_enabled":true,"_links":{"self":[{"href":"https:\/\/casino-site-amp55.top\/wp-json\/wp\/v2\/pages\/2189","targetHints":{"allow":["GET"]}}],"collection":[{"href":"https:\/\/casino-site-amp55.top\/wp-json\/wp\/v2\/pages"}],"about":[{"href":"https:\/\/casino-site-amp55.top\/wp-json\/wp\/v2\/types\/page"}],"author":[{"embeddable":true,"href":"https:\/\/casino-site-amp55.top\/wp-json\/wp\/v2\/users\/1"}],"replies":[{"embeddable":true,"href":"https:\/\/casino-site-amp55.top\/wp-json\/wp\/v2\/comments?post=2189"}],"version-history":[{"count":1,"href":"https:\/\/casino-site-amp55.top\/wp-json\/wp\/v2\/pages\/2189\/revisions"}],"predecessor-version":[{"id":2190,"href":"https:\/\/casino-site-amp55.top\/wp-json\/wp\/v2\/pages\/2189\/revisions\/2190"}],"wp:attachment":[{"href":"https:\/\/casino-site-amp55.top\/wp-json\/wp\/v2\/media?parent=2189"}],"curies":[{"name":"wp","href":"https:\/\/api.w.org\/{rel}","templated":true}]}}